{"id":799,"date":"2025-09-02T12:56:38","date_gmt":"2025-09-02T12:56:38","guid":{"rendered":"https:\/\/maralautomocion.es\/?page_id=799"},"modified":"2025-09-02T12:56:40","modified_gmt":"2025-09-02T12:56:40","slug":"politica-de-privacidad","status":"publish","type":"page","link":"https:\/\/maralautomocion.es\/index.php\/politica-de-privacidad\/","title":{"rendered":"Pol\u00edtica de Privacidad"},"content":{"rendered":"\n<p>En cumplimiento de lo dispuesto en el <strong>Reglamento (UE) 2016\/679 del Parlamento Europeo y del Consejo (RGPD)<\/strong> y en la <strong>Ley Org\u00e1nica 3\/2018 de Protecci\u00f3n de Datos Personales y garant\u00eda de los derechos digitales (LOPDGDD)<\/strong>, se informa a los usuarios de este sitio web sobre el tratamiento de sus datos personales.<\/p>\n\n\n\n<hr class=\"wp-block-separator has-alpha-channel-opacity\"\/>\n\n\n\n<h2 class=\"wp-block-heading has-black-color has-text-color has-link-color wp-elements-d8ed60060904afa7cd8e67a98a7c3f67\">Responsable del tratamiento<\/h2>\n\n\n\n<ul class=\"wp-block-list\">\n<li><strong>Responsable:<\/strong> Maral Automoci\u00f3n, S.L.<\/li>\n\n\n\n<li><strong>CIF:<\/strong> B40599847<\/li>\n\n\n\n<li><strong>Domicilio:<\/strong> Calle Azagador de la Torre, 10, Sedav\u00ed (Valencia), Espa\u00f1a<\/li>\n\n\n\n<li><strong>Correo electr\u00f3nico:<\/strong> <a>administracion@maralautomocion.es<\/a><\/li>\n<\/ul>\n\n\n\n<hr class=\"wp-block-separator has-alpha-channel-opacity\"\/>\n\n\n\n<h2 class=\"wp-block-heading has-black-color has-text-color has-link-color wp-elements-acec0721d47352496b0cc35a7387d421\">Finalidad del tratamiento<\/h2>\n\n\n\n<p>Los datos personales que el usuario facilite a trav\u00e9s de los formularios de este sitio web ser\u00e1n utilizados para:<\/p>\n\n\n\n<ul class=\"wp-block-list\">\n<li>Gestionar y atender las solicitudes de informaci\u00f3n o consultas realizadas.<\/li>\n\n\n\n<li>Gestionar relaciones comerciales con talleres, distribuidores y clientes.<\/li>\n\n\n\n<li>Enviar comunicaciones relacionadas con los servicios y productos de Maral Automoci\u00f3n (si el usuario ha dado su consentimiento).<\/li>\n\n\n\n<li>Cumplir con las obligaciones legales derivadas de la actividad comercial.<\/li>\n<\/ul>\n\n\n\n<hr class=\"wp-block-separator has-alpha-channel-opacity\"\/>\n\n\n\n<h2 class=\"wp-block-heading has-black-color has-text-color has-link-color wp-elements-68bae24d3762163a910e6ed62203d2b0\">Legitimaci\u00f3n<\/h2>\n\n\n\n<p>El tratamiento de los datos se basa en:<\/p>\n\n\n\n<ul class=\"wp-block-list\">\n<li>La <strong>ejecuci\u00f3n de un contrato<\/strong> o relaci\u00f3n comercial.<\/li>\n\n\n\n<li>El <strong>consentimiento del interesado<\/strong> (al rellenar un formulario de contacto o aceptar comunicaciones comerciales).<\/li>\n\n\n\n<li>El <strong>cumplimiento de obligaciones legales<\/strong> aplicables a Maral Automoci\u00f3n.<\/li>\n<\/ul>\n\n\n\n<hr class=\"wp-block-separator has-alpha-channel-opacity\"\/>\n\n\n\n<h2 class=\"wp-block-heading has-black-color has-text-color has-link-color wp-elements-f327b7a3cf0488bd729e5d58a48204fb\">Conservaci\u00f3n de los datos<\/h2>\n\n\n\n<p>Los datos se conservar\u00e1n durante el tiempo necesario para cumplir con las finalidades para las que se recabaron y para atender posibles responsabilidades legales derivadas del tratamiento.<\/p>\n\n\n\n<hr class=\"wp-block-separator has-alpha-channel-opacity\"\/>\n\n\n\n<h2 class=\"wp-block-heading has-black-color has-text-color has-link-color wp-elements-1353b20243665bc5de95f4cfe19be159\">Destinatarios<\/h2>\n\n\n\n<p>No se ceder\u00e1n datos a terceros, salvo en los siguientes casos:<\/p>\n\n\n\n<ul class=\"wp-block-list\">\n<li><strong>Obligaci\u00f3n legal<\/strong>.<\/li>\n\n\n\n<li><strong>Prestaci\u00f3n del servicio<\/strong>, como por ejemplo, empresas de transporte para el env\u00edo de recambios o proveedores tecnol\u00f3gicos necesarios para el funcionamiento del sitio web.<\/li>\n<\/ul>\n\n\n\n<hr class=\"wp-block-separator has-alpha-channel-opacity\"\/>\n\n\n\n<h2 class=\"wp-block-heading has-black-color has-text-color has-link-color wp-elements-b4e7e070b7b867873e83dad906df52c0\">Derechos de los usuarios<\/h2>\n\n\n\n<p>Los usuarios tienen derecho a:<\/p>\n\n\n\n<ul class=\"wp-block-list\">\n<li>Acceder a sus datos personales.<\/li>\n\n\n\n<li>Solicitar la <strong>rectificaci\u00f3n<\/strong> o <strong>supresi\u00f3n<\/strong> de sus datos.<\/li>\n\n\n\n<li>Solicitar la <strong>limitaci\u00f3n<\/strong> u <strong>oposici\u00f3n<\/strong> a su tratamiento.<\/li>\n\n\n\n<li>Solicitar la <strong>portabilidad<\/strong> de los datos.<\/li>\n<\/ul>\n\n\n\n<p>Para ejercer estos derechos, el usuario podr\u00e1 enviar una solicitud escrita junto con una copia de su DNI a:<br>\ud83d\udce9 <strong><a>administracion@maralautomocion.es<\/a><\/strong><\/p>\n\n\n\n<hr class=\"wp-block-separator has-alpha-channel-opacity\"\/>\n\n\n\n<h2 class=\"wp-block-heading has-black-color has-text-color has-link-color wp-elements-d2286f431bb16af4f44aa8b1cae4db0a\">Medidas de seguridad<\/h2>\n\n\n\n<p>Maral Automoci\u00f3n ha adoptado las medidas t\u00e9cnicas y organizativas necesarias para garantizar la <strong>seguridad<\/strong> de los datos personales y evitar su alteraci\u00f3n, p\u00e9rdida, tratamiento o acceso no autorizado, teniendo en cuenta el estado de la tecnolog\u00eda, la naturaleza de los datos almacenados y los riesgos a los que est\u00e1n expuestos.<\/p>\n","protected":false},"excerpt":{"rendered":"<p>En cumplimiento de lo dispuesto en el Reglamento (UE) 2016\/679 del Parlamento Europeo y del Consejo (RGPD) y en la Ley Org\u00e1nica 3\/2018 de Protecci\u00f3n de Datos Personales y garant\u00eda de los derechos digitales (LOPDGDD), se informa a los usuarios de este sitio web sobre el tratamiento de sus datos personales. Responsable del tratamiento Finalidad [&hellip;]<\/p>\n","protected":false},"author":2,"featured_media":0,"parent":0,"menu_order":0,"comment_status":"closed","ping_status":"closed","template":"","meta":{"footnotes":""},"class_list":["post-799","page","type-page","status-publish","hentry"],"blocksy_meta":[],"_links":{"self":[{"href":"https:\/\/maralautomocion.es\/index.php\/wp-json\/wp\/v2\/pages\/799","targetHints":{"allow":["GET"]}}],"collection":[{"href":"https:\/\/maralautomocion.es\/index.php\/wp-json\/wp\/v2\/pages"}],"about":[{"href":"https:\/\/maralautomocion.es\/index.php\/wp-json\/wp\/v2\/types\/page"}],"author":[{"embeddable":true,"href":"https:\/\/maralautomocion.es\/index.php\/wp-json\/wp\/v2\/users\/2"}],"replies":[{"embeddable":true,"href":"https:\/\/maralautomocion.es\/index.php\/wp-json\/wp\/v2\/comments?post=799"}],"version-history":[{"count":1,"href":"https:\/\/maralautomocion.es\/index.php\/wp-json\/wp\/v2\/pages\/799\/revisions"}],"predecessor-version":[{"id":800,"href":"https:\/\/maralautomocion.es\/index.php\/wp-json\/wp\/v2\/pages\/799\/revisions\/800"}],"wp:attachment":[{"href":"https:\/\/maralautomocion.es\/index.php\/wp-json\/wp\/v2\/media?parent=799"}],"curies":[{"name":"wp","href":"https:\/\/api.w.org\/{rel}","templated":true}]}}